{"id":328,"date":"2018-03-08T17:29:11","date_gmt":"2018-03-08T17:29:11","guid":{"rendered":"http:\/\/theninjamovement.org\/?page_id=328"},"modified":"2018-03-08T18:46:55","modified_gmt":"2018-03-08T18:46:55","slug":"los-padres-deben-saber","status":"publish","type":"page","link":"https:\/\/www.theninjamovement.org\/?page_id=328","title":{"rendered":"Padres Deben Saber"},"content":{"rendered":"<p>Muchos padres advierten a sus hijos sobre los peligros de las drogas y el alcohol, sin embargo, pocos padres saben que tambi\u00e9n deben advertir acerca de, los llamados &#8220;juegos&#8221;, que son tan riesgosos que pueden provocar lesiones o hasta la muerte.<\/p>\n<p>Los adolescentes con frecuencia mantienen en secreto detalles sobre estos juegos.\u00a0Los padres a menudo no se enteran hasta que alguien de la comunidad es llevado r\u00e1pidamente a la sala de emergencias o muere.<\/p>\n<p>John Santelli, presidente de la Sociedad Estadounidense de Salud del Adolescente y profesor de pediatr\u00eda de la Universidad de Columbia, dice: &#8220;La adolescencia es, en el desarrollo, un momento en que los j\u00f3venes experimentan con cigarrillos y otras conductas que no son tan inteligentes para su salud.\u00a0Algunas de las consecuencias pueden ser bastante tr\u00e1gicas con estos juegos peligrosos &#8220;.<\/p>\n<p>Los ni\u00f1os y ni\u00f1as participan, hasta cierto punto.\u00a0&#8220;Los ni\u00f1os tienden a asumir m\u00e1s riesgos, al igual que los adolescentes en la escuela secundaria, aunque los ni\u00f1os de cualquier edad pueden intentarlo&#8221;, dice el pediatra Jennifer Shu, MD.\u00a0&#8220;Suele pasar en grupos donde hay\u00a0\u00a0<a href=\"http:\/\/theninjamovement.org\/?page_id=326\">presi\u00f3n de los compa\u00f1eros<\/a> &#8220;.<\/p>\n<p>Para la seguridad de sus propios hijos, es importante conocer los detalles de estos juegos.<br \/>\n&#8220;No hay oportunidad para aprender (el juego)&#8221;, dice Alfred Sacchetti, jefe de medicina de emergencia en el Centro M\u00e9dico de Nuestra Se\u00f1ora de Lourdes en Camden, NJ, &#8220;porque en el primer intento, puedes morir&#8221;.<\/p>\n<p>Sacchetti, un portavoz del Colegio Estadounidense de M\u00e9dicos de Emergencia, dice: &#8220;El peligro real con esto, es cuando lo hacen bien la primera vez.\u00a0Entonces ellos piensan, &#8216;Soy m\u00e1s inteligente que las personas que murieron jugando.\u00a0No eran tan buenos como yo&#8221;.\u00a0Ellos Piensan, &#8216;puedo ir un poco m\u00e1s all\u00e1;\u00a0puedo ajustar mi lazo un poco m\u00e1s apretado o m\u00e1s largo.\u00a0Apuesto a que puedo tener m\u00e1s placer&#8221;.<\/p>\n<p>Fuente: <a href=\"http:\/\/www.webmd.com\/parenting\/features\/dangerous-games-parents-must-know-about#1\" target=\"_blank\" rel=\"noopener\">WebMD \u201c7 Dangerous Games Parents Must Know About\u201d<\/a><\/p>\n","protected":false},"excerpt":{"rendered":"<p>Muchos padres advierten a sus hijos sobre los peligros de las drogas y el alcohol, sin embargo, pocos padres saben que tambi\u00e9n deben advertir acerca de, los llamados &#8220;juegos&#8221;, que son tan riesgosos que pueden provocar lesiones o hasta la muerte. Los adolescentes con frecuencia mantienen en secreto detalles sobre estos juegos.\u00a0Los padres a menudo [&hellip;]<\/p>\n","protected":false},"author":1,"featured_media":0,"parent":244,"menu_order":0,"comment_status":"closed","ping_status":"closed","template":"","meta":{"footnotes":""},"_links":{"self":[{"href":"https:\/\/www.theninjamovement.org\/index.php?rest_route=\/wp\/v2\/pages\/328"}],"collection":[{"href":"https:\/\/www.theninjamovement.org\/index.php?rest_route=\/wp\/v2\/pages"}],"about":[{"href":"https:\/\/www.theninjamovement.org\/index.php?rest_route=\/wp\/v2\/types\/page"}],"author":[{"embeddable":true,"href":"https:\/\/www.theninjamovement.org\/index.php?rest_route=\/wp\/v2\/users\/1"}],"replies":[{"embeddable":true,"href":"https:\/\/www.theninjamovement.org\/index.php?rest_route=%2Fwp%2Fv2%2Fcomments&post=328"}],"version-history":[{"count":4,"href":"https:\/\/www.theninjamovement.org\/index.php?rest_route=\/wp\/v2\/pages\/328\/revisions"}],"predecessor-version":[{"id":341,"href":"https:\/\/www.theninjamovement.org\/index.php?rest_route=\/wp\/v2\/pages\/328\/revisions\/341"}],"up":[{"embeddable":true,"href":"https:\/\/www.theninjamovement.org\/index.php?rest_route=\/wp\/v2\/pages\/244"}],"wp:attachment":[{"href":"https:\/\/www.theninjamovement.org\/index.php?rest_route=%2Fwp%2Fv2%2Fmedia&parent=328"}],"curies":[{"name":"wp","href":"https:\/\/api.w.org\/{rel}","templated":true}]}}