{"id":311,"date":"2017-10-26T17:57:36","date_gmt":"2017-10-26T17:57:36","guid":{"rendered":"http:\/\/theninjamovement.org\/?page_id=311"},"modified":"2017-10-26T17:57:36","modified_gmt":"2017-10-26T17:57:36","slug":"senales-de-alerta","status":"publish","type":"page","link":"https:\/\/www.theninjamovement.org\/?page_id=311","title":{"rendered":"Se\u00f1ales de Alerta"},"content":{"rendered":"<p>En total, todo el juego toma menos de cinco minutos de principio a fin. Se puede hacer en casi cualquier lugar y no se necesitan herramientas ni accesorios. Puede ser dif\u00edcil atrapar ni\u00f1os en el acto. Observar cualquiera de los siguientes indicadores y tomar medidas inmediatas puede salvar una vida:<\/p>\n<ul>\n<li>Marcas o moretones inexplicables alrededor del cuello.<\/li>\n<li>Cuerdas cortas, cordones, corbatas, bufandas, cinturones o correas para perros en su habitaci\u00f3n, mochila o atados a muebles de dormitorio o picaportes<\/li>\n<li>Ojos inyectados en sangre o petequias (peque\u00f1as manchas rojas del tama\u00f1o de una cabeza de alfiler) en la piel de la cara.<\/li>\n<li>Necesidad inusual de privacidad, incluidas las puertas cerradas.<\/li>\n<li>Desorientaci\u00f3n o confusi\u00f3n despu\u00e9s de estar solo.<\/li>\n<li>Respiraci\u00f3n ronca<\/li>\n<li>Quejas frecuentes de dolores de cabeza.<\/li>\n<\/ul>\n<p>Discusi\u00f3n del juego de asfixia con amigos o hermanos (ver la lista de <a href=\"http:\/\/theninjamovement.org\/?page_id=276\">otros nombres<\/a>)<\/p>\n<p>Fuente: Varios<\/p>\n","protected":false},"excerpt":{"rendered":"<p>En total, todo el juego toma menos de cinco minutos de principio a fin. Se puede hacer en casi cualquier lugar y no se necesitan herramientas ni accesorios. Puede ser dif\u00edcil atrapar ni\u00f1os en el acto. Observar cualquiera de los siguientes indicadores y tomar medidas inmediatas puede salvar una vida: Marcas o moretones inexplicables alrededor [&hellip;]<\/p>\n","protected":false},"author":1,"featured_media":0,"parent":297,"menu_order":0,"comment_status":"closed","ping_status":"closed","template":"","meta":{"footnotes":""},"_links":{"self":[{"href":"https:\/\/www.theninjamovement.org\/index.php?rest_route=\/wp\/v2\/pages\/311"}],"collection":[{"href":"https:\/\/www.theninjamovement.org\/index.php?rest_route=\/wp\/v2\/pages"}],"about":[{"href":"https:\/\/www.theninjamovement.org\/index.php?rest_route=\/wp\/v2\/types\/page"}],"author":[{"embeddable":true,"href":"https:\/\/www.theninjamovement.org\/index.php?rest_route=\/wp\/v2\/users\/1"}],"replies":[{"embeddable":true,"href":"https:\/\/www.theninjamovement.org\/index.php?rest_route=%2Fwp%2Fv2%2Fcomments&post=311"}],"version-history":[{"count":1,"href":"https:\/\/www.theninjamovement.org\/index.php?rest_route=\/wp\/v2\/pages\/311\/revisions"}],"predecessor-version":[{"id":312,"href":"https:\/\/www.theninjamovement.org\/index.php?rest_route=\/wp\/v2\/pages\/311\/revisions\/312"}],"up":[{"embeddable":true,"href":"https:\/\/www.theninjamovement.org\/index.php?rest_route=\/wp\/v2\/pages\/297"}],"wp:attachment":[{"href":"https:\/\/www.theninjamovement.org\/index.php?rest_route=%2Fwp%2Fv2%2Fmedia&parent=311"}],"curies":[{"name":"wp","href":"https:\/\/api.w.org\/{rel}","templated":true}]}}